se
Is 33457 a prime number?
True
Is 3831 a composite number?
True
Is 482017 composite?
False
Is 2158679 composite?
False
Is 803 a composite number?
True
Is 3109 a prime number?
True
Is 45802 prime?
False
Is 91786 a composite number?
True
Is 35291 a prime number?
True
Is 47807 prime?
True
Is 51041 composite?
True
Is 31643 composite?
False
Is 120499 composite?
True
Is 7431 composite?
True
Is 71683 prime?
False
Is 241079 a composite number?
False
Is 36293 a prime number?
True
Is 141227 a composite number?
True
Is 2759245 composite?
True
Is 8131 a prime number?
False
Is 188107 a composite number?
False
Is 10033 composite?
True
Is 830533 a composite number?
True
Is 343123 composite?
True
Is 49711 composite?
False
Is 227989 prime?
True
Is 143339 a prime number?
False
Is 6274 a composite number?
True
Is 1871 composite?
False
Is 129029 prime?
False
Is 10589 composite?
False
Is 741194 a composite number?
True
Is 116378 a composite number?
True
Is 16323 composite?
True
Is 119801 a composite number?
True
Is 56299 prime?
True
Is 17137 a prime number?
True
Is 5921 a composite number?
True
Is 104267 a composite number?
True
Is 6547 a prime number?
True
Is 5833 prime?
False
Is 525923 composite?
False
Is 2700869 a prime number?
False
Is 41011 prime?
True
Is 25939 a composite number?
False
Is 17047 a composite number?
False
Is 585131 composite?
False
Is 12071 a composite number?
False
Is 3378611 a composite number?
False
Is 111295 a prime number?
False
Is 10823 a prime number?
False
Is 136943 prime?
True
Is 7343 a composite number?
True
Is 1027931 a prime number?
True
Is 11377 composite?
True
Is 1817 a prime number?
False
Is 106 a prime number?
False
Is 826997 composite?
False
Is 347887 prime?
True
Is 529471 composite?
False
Is 3113 a prime number?
False
Is 391273 a composite number?
False
Is 86351 a composite number?
False
Is 877 prime?
True
Is 11351 composite?
False
Is 84857 a composite number?
False
Is 9059 a composite number?
False
Is 928407 prime?
False
Is 977722 prime?
False
Is 6241 composite?
True
Is 28151 prime?
True
Is 118343 prime?
True
Is 1409 a prime number?
True
Is 15791 prime?
True
Is 352853 composite?
False
Is 42259 composite?
True
Is 11105 a composite number?
True
Is 78379 a composite number?
True
Is 6247 a prime number?
True
Is 44017 a composite number?
False
Is 133097 a prime number?
True
Is 209803 composite?
True
Is 282767 composite?
False
Is 115357 composite?
True
Is 1523 composite?
False
Is 33541 composite?
True
Is 61603 composite?
False
Is 18113 composite?
True
Is 21787 a prime number?
True
Is 237803 a composite number?
True
Is 763223 prime?
True
Is 319 a prime number?
False
Is 2797 a composite number?
False
Is 32117 composite?
False
Is 10698793 prime?
False
Is 16246 composite?
True
Is 2070833 a composite number?
False
Is 182037 a composite number?
True
Is 537373 prime?
True
Is 858073 a prime number?
True
Is 8497 a prime number?
False
Is 40151 prime?
True
Is 5167 prime?
True
Is 5147 a prime number?
True
Is 7807 a composite number?
True
Is 10765 a prime number?
False
Is 12637 prime?
True
Is 5207 composite?
True
Is 283753 a prime number?
False
Is 139249 composite?
True
Is 85297 a prime number?
True
Is 184879 a composite number?
False
Is 4321 composite?
True
Is 861911 a prime number?
False
Is 30767 prime?
False
Is 3377 a composite number?
True
Is 684493 a prime number?
True
Is 155086 composite?
True
Is 230717 a composite number?
True
Is 16603 composite?
False
Is 513397 prime?
True
Is 383347 prime?
True
Is 22807 prime?
True
Is 91921 prime?
True
Is 712807 a prime number?
True
Is 52261 prime?
False
Is 4535 a prime number?
False
Is 140111 a composite number?
False
Is 101978 a prime number?
False
Is 19063 prime?
False
Is 328019 composite?
True
Is 121219 composite?
True
Is 266043 a prime number?
False
Is 2338523 composite?
True
Is 91847 composite?
True
Is 2322685 composite?
True
Is 7269 a composite number?
True
Is 17149 composite?
True
Is 16255 composite?
True
Is 3295 composite?
True
Is 6455 a prime number?
False
Is 112657 a composite number?
False
Is 3347 composite?
False
Is 1048269 composite?
True
Is 789511 composite?
False
Is 7586 a prime number?
False
Is 2149 a prime number?
False
Is 989171 composite?
False
Is 267091 a composite number?
True
Is 1509 prime?
False
Is 938103 a prime number?
False
Is 147635 prime?
False
Is 6079 composite?
False
Is 75703 prime?
True
Is 56237 prime?
True
Is 82279 prime?
True
Is 264347 prime?
False
Is 27883 prime?
True
Is 31219 composite?
False
Is 27439 composite?
True
Is 126713 composite?
False
Is 1753 a prime number?
True
Is 842141 a composite number?
False
Is 19267 prime?
True
Is 14107 a prime number?
True
Is 36761 a prime number?
True
Is 11399 composite?
False
Is 157061 a prime number?
True
Is 67631 prime?
True
Is 11183 prime?
False
Is 15191 a composite number?
True
Is 6089 a composite number?
False
Is 3497 a composite number?
True
Is 71119 a prime number?
True
Is 15037 a prime number?
False
Is 17693 composite?
True
Is 158789 a composite number?
True
Is 3571 a composite number?
False
Is 3791 a prime number?
False
Is 4798 prime?
False
Is 713983 prime?
False
Is 1508509 prime?
True
Is 24749 a prime number?
True
Is 12689 a prime number?
True
Is 100583 prime?
False
Is 5174879 a prime number?
False
Is 408827 prime?
False
Is 3610397 a prime number?
False
Is 1049 composite?
False
Is 8663 a prime number?
True
Is 11213 composite?
False
Is 11885 a composite number?
True
Is 2775203 prime?
False
Is 32483 a prime number?
False
Is 42169 prime?
True
Is 19907 a prime number?
False
Is 14513 composite?
True
Is 7463 a prime number?
False
Is 1117 a composite number?
False
Is 56065 prime?
False
Is 80609 composite?
True
Is 37691 a composite number?
False
Is 419997 prime?
False
Is 9719 a prime number?
True
Is 908041 composite?
False
Is 42551 prime?
False
Is 3163 composite?
False
Is 591 a prime number?
False
Is 6947 composite?
False
Is 25577 composite?
False
Is 4763 composite?
True
Is 386233 prime?
True
Is 640831 composite?
True
Is 281977 prime?
False
Is 175981 a prime number?
False
Is 1355273 a composite number?
True
Is 15967 prime?
False
Is 216451 prime?
True
Is 7423 a prime number?
False
Is 141551 a composite number?
False
Is 24733 prime?
True
Is 619439 prime?
False
Is 7283 prime?
True
Is 700621 prime?
False
Is 4666 prime?
False
Is 2362409 a prime number?
False
Is 1841063 a prime number?
False
Is 4257029 prime?
False
Is 787181 a prime number?
True
Is 91771 prime?
True
Is 69815 composite?
True
Is 38813 a composite number?
True
Is 4889 a composite number?
False
Is 2521711 a composite number?
False
Is 49447 composite?
True
Is 166237 prime?
True
Is 9197 composite?
True
Is 256193 a composite number?
True
Is 250567 prime?
False
Is 1073 composite?
True
Is 68549 composite?
True
Is 298367 prime?
False
Is 1231 composite?
False
Is 6421 composite?
False
Is 15991 composite?
False
Is 5744773 composite?
False
Is 587 prime?
True
Is 72211 composite?
False
Is 111109 a composite number?
False
Is 12893 prime?
True
Is 2331671 composite?
True
Is 1908373 a prime number?
True
Is 5269 composite?
True
Is 390703 composite?
False
Is 34807 a prime number?
True
Is 493781 a composite number?
True
Is 179429 a prime number?
True
Is 654187 a composite number?
False
Is 155546 a prime number?
False
Is 7717 composite?
False
Is 799 composite?
True
Is 77191 a composite number?
False
Is 4711 prime?
False
Is 99431 composite?
False
Is 260647 a prime number?
True
Is 125591 prime?
True
Is 85037 prime?
True
Is 19297 a composite number?
True
Is 1517819 a composite number?
False
Is 3953 a composite number?
True
Is 37405 a prime number?
False
Is 529513 a composite number?
False
Is 71542 composite?
True
Is 9017 composite?
True
Is 10291 prime?
False
Is 189547 composite?
False
Is 7109 a composite number?
False
Is 896627 prime?
False
Is 2026691 composite?
True
Is 4213 a prime number?
False
Is 479 composite?
False
Is 25147 a prime number?
True
Is 9647 a composite number?
True
Is 19535 prime?
False
Is 1230134 a prime number?
False
Is 14871 a prime number?
False
Is 15089 prime?
False
Is 617231 composite?
False
Is 243993 a prime number?
False
Is 44839 a composite number?
False
Is 19258 composite?
True
Is 9647 a prime number?
False
Is 561727 a composite number?
True
Is 88969 a composit